{"id":48,"date":"2025-02-09T15:24:27","date_gmt":"2025-02-09T18:24:27","guid":{"rendered":"https:\/\/hakkah.com.br\/?page_id=48"},"modified":"2025-02-09T16:02:29","modified_gmt":"2025-02-09T19:02:29","slug":"hakkah-digital-agency-growth-e-marketing","status":"publish","type":"page","link":"https:\/\/hakkah.com.br\/index.php\/hakkah-digital-agency-growth-e-marketing\/","title":{"rendered":"HakkaH &#8211; Digital Agency Growth e Marketing"},"content":{"rendered":"\t\t<div data-elementor-type=\"wp-page\" data-elementor-id=\"48\" class=\"elementor elementor-48\">\n\t\t\t\t<div class=\"elementor-element elementor-element-4065a23d e-flex e-con-boxed e-con e-parent\" data-id=\"4065a23d\" data-element_type=\"container\">\n\t\t\t\t\t<div class=\"e-con-inner\">\n\t\t\t\t<div class=\"elementor-element elementor-element-11f6af3c elementor-widget elementor-widget-text-editor\" data-id=\"11f6af3c\" data-element_type=\"widget\" data-widget_type=\"text-editor.default\">\n\t\t\t\t<div class=\"elementor-widget-container\">\n\t\t\t\t\t\t\t\t\t\n<div class=\"wp-block-group alignfull is-layout-flow wp-container-core-group-is-layout-f9cb6abc wp-block-group-is-layout-flow\" style=\"margin-top:0;margin-bottom:0\">\n<div class=\"wp-block-columns alignfull is-not-stacked-on-mobile is-layout-flex wp-container-core-columns-is-layout-e154fb6a wp-block-columns-is-layout-flex\" style=\"margin-top:0;margin-bottom:0;padding-top:var(--wp--preset--spacing--40);padding-right:var(--wp--preset--spacing--40);padding-bottom:var(--wp--preset--spacing--80);padding-left:var(--wp--preset--spacing--40)\">\n<div class=\"wp-block-column is-layout-flow wp-block-column-is-layout-flow\" style=\"flex-basis:66.66%\">\n<div class=\"wp-block-group is-vertical is-content-justification-stretch is-layout-flex wp-container-core-group-is-layout-7e003bba wp-block-group-is-layout-flex\">\n<h2 class=\"wp-block-heading has-xx-large-font-size\">\n\t\t\t\t\t\u201cHist\u00f3rias, <span lang=\"es\">historias<\/span>, <span lang=\"uk\">i\u0441\u0442\u043e\u0440\u0456\u0457<\/span>, <span lang=\"el\">i\u03c3\u03c4\u03bf\u03c1\u03af\u03b5\u03c2<\/span>\u201d\t\t\t\t<\/h2>\n\n\n\n<p class=\"has-x-large-font-size\">Seg, 1\u00ba. de jan<\/p>\n\n\n\n<div style=\"height:0px\" aria-hidden=\"true\" class=\"wp-block-spacer wp-container-content-36c51660\"><\/div>\n<\/div>\n<\/div>\n\n\n\n<div class=\"wp-block-column is-layout-flow wp-block-column-is-layout-flow\" style=\"flex-basis:12vw\"><\/div>\n\n\n\n<div class=\"wp-block-column is-layout-flow wp-block-column-is-layout-flow\">\n<div class=\"wp-block-group is-content-justification-right is-nowrap is-layout-flex wp-container-core-group-is-layout-17124a9a wp-block-group-is-layout-flex\">\n<p class=\"has-text-align-left\" style=\"line-height:0.6;text-transform:uppercase;writing-mode:vertical-rl\">Oficina gratuita<\/p>\n<\/div>\n<\/div>\n<\/div>\n\n\n\n<div class=\"wp-block-columns alignfull is-style-section-2 is-layout-flex wp-container-core-columns-is-layout-d9884270 wp-block-columns-is-layout-flex is-style-section-2--2\" style=\"padding-top:0;padding-bottom:0\">\n<div class=\"wp-block-column is-layout-flow wp-block-column-is-layout-flow\" style=\"flex-basis:50%\">\n<div class=\"wp-block-group is-vertical is-content-justification-stretch is-layout-flex wp-container-core-group-is-layout-098fff0a wp-block-group-is-layout-flex\" style=\"min-height:33vh;padding-top:var(--wp--preset--spacing--50);padding-right:var(--wp--preset--spacing--50);padding-bottom:var(--wp--preset--spacing--50);padding-left:var(--wp--preset--spacing--50)\">\n<p>Este evento imersivo celebra a experi\u00eancia humana universal atrav\u00e9s das lentes da hist\u00f3ria e da ancestralidade, apresentando uma diversa sele\u00e7\u00e3o de fot\u00f3grafos cujos trabalhos capturam a ess\u00eancia de diferentes culturas e momentos hist\u00f3ricos.<\/p>\n\n\n\n<div style=\"height:0px\" aria-hidden=\"true\" class=\"wp-block-spacer wp-container-content-6388d5dc\"><\/div>\n\n\n\n<h2 class=\"wp-block-heading has-xx-large-font-size\"><a href=\"#\">RSVP<\/a><\/h2>\n<\/div>\n<\/div>\n\n\n\n<div class=\"wp-block-column is-layout-flow wp-block-column-is-layout-flow\" style=\"flex-basis:50%\">\n<div class=\"wp-block-cover is-light\"><span aria-hidden=\"true\" class=\"wp-block-cover__background has-background-dim-0 has-background-dim\"><\/span><img decoding=\"async\" class=\"wp-block-cover__image-background\" alt=\"Foto em primeiro plano de flores brancas em um fundo cinza\" src=\"https:\/\/hakkah.com.br\/wp-content\/themes\/twentytwentyfive\/assets\/images\/botany-flowers-closeup.webp\" data-object-fit=\"cover\"\/><div class=\"wp-block-cover__inner-container is-layout-flow wp-block-cover-is-layout-flow\">\n<div style=\"height:var(--wp--preset--spacing--20)\" aria-hidden=\"true\" class=\"wp-block-spacer\"><\/div>\n<\/div><\/div>\n<\/div>\n<\/div>\n<\/div>\n\t\t\t\t\t\t\t\t<\/div>\n\t\t\t\t<\/div>\n\t\t\t\t\t<\/div>\n\t\t\t\t<\/div>\n\t\t\t\t<\/div>\n\t\t","protected":false},"excerpt":{"rendered":"<p>\u201cHist\u00f3rias, historias, i\u0441\u0442\u043e\u0440\u0456\u0457, i\u03c3\u03c4\u03bf\u03c1\u03af\u03b5\u03c2\u201d Seg, 1\u00ba. de jan Oficina gratuita Este evento imersivo celebra a experi\u00eancia humana universal atrav\u00e9s das lentes da hist\u00f3ria e da ancestralidade, apresentando uma diversa sele\u00e7\u00e3o de fot\u00f3grafos cujos trabalhos capturam a ess\u00eancia de diferentes culturas e momentos hist\u00f3ricos. RSVP<\/p>\n","protected":false},"author":1,"featured_media":0,"parent":0,"menu_order":0,"comment_status":"closed","ping_status":"closed","template":"elementor_header_footer","meta":{"footnotes":""},"class_list":["post-48","page","type-page","status-publish","hentry"],"yoast_head":"<!-- This site is optimized with the Yoast SEO plugin v24.8.1 - https:\/\/yoast.com\/wordpress\/plugins\/seo\/ -->\n<title>HakkaH - Digital Agency Growth e Marketing - HakkaH<\/title>\n<meta name=\"robots\" content=\"index, follow, max-snippet:-1, max-image-preview:large, max-video-preview:-1\" \/>\n<link rel=\"canonical\" href=\"https:\/\/hakkah.com.br\/index.php\/hakkah-digital-agency-growth-e-marketing\/\" \/>\n<meta property=\"og:locale\" content=\"en_US\" \/>\n<meta property=\"og:type\" content=\"article\" \/>\n<meta property=\"og:title\" content=\"HakkaH - Digital Agency Growth e Marketing - HakkaH\" \/>\n<meta property=\"og:description\" content=\"\u201cHist\u00f3rias, historias, i\u0441\u0442\u043e\u0440\u0456\u0457, i\u03c3\u03c4\u03bf\u03c1\u03af\u03b5\u03c2\u201d Seg, 1\u00ba. de jan Oficina gratuita Este evento imersivo celebra a experi\u00eancia humana universal atrav\u00e9s das lentes da hist\u00f3ria e da ancestralidade, apresentando uma diversa sele\u00e7\u00e3o de fot\u00f3grafos cujos trabalhos capturam a ess\u00eancia de diferentes culturas e momentos hist\u00f3ricos. RSVP\" \/>\n<meta property=\"og:url\" content=\"https:\/\/hakkah.com.br\/index.php\/hakkah-digital-agency-growth-e-marketing\/\" \/>\n<meta property=\"og:site_name\" content=\"HakkaH\" \/>\n<meta property=\"article:modified_time\" content=\"2025-02-09T19:02:29+00:00\" \/>\n<meta property=\"og:image\" content=\"https:\/\/hakkah.com.br\/wp-content\/themes\/twentytwentyfive\/assets\/images\/botany-flowers-closeup.webp\" \/>\n<meta name=\"twitter:card\" content=\"summary_large_image\" \/>\n<meta name=\"twitter:label1\" content=\"Est. reading time\" \/>\n\t<meta name=\"twitter:data1\" content=\"1 minute\" \/>\n<script type=\"application\/ld+json\" class=\"yoast-schema-graph\">{\"@context\":\"https:\/\/schema.org\",\"@graph\":[{\"@type\":\"WebPage\",\"@id\":\"https:\/\/hakkah.com.br\/index.php\/hakkah-digital-agency-growth-e-marketing\/\",\"url\":\"https:\/\/hakkah.com.br\/index.php\/hakkah-digital-agency-growth-e-marketing\/\",\"name\":\"HakkaH - Digital Agency Growth e Marketing - HakkaH\",\"isPartOf\":{\"@id\":\"https:\/\/hakkah.com.br\/#website\"},\"primaryImageOfPage\":{\"@id\":\"https:\/\/hakkah.com.br\/index.php\/hakkah-digital-agency-growth-e-marketing\/#primaryimage\"},\"image\":{\"@id\":\"https:\/\/hakkah.com.br\/index.php\/hakkah-digital-agency-growth-e-marketing\/#primaryimage\"},\"thumbnailUrl\":\"https:\/\/hakkah.com.br\/wp-content\/themes\/twentytwentyfive\/assets\/images\/botany-flowers-closeup.webp\",\"datePublished\":\"2025-02-09T18:24:27+00:00\",\"dateModified\":\"2025-02-09T19:02:29+00:00\",\"breadcrumb\":{\"@id\":\"https:\/\/hakkah.com.br\/index.php\/hakkah-digital-agency-growth-e-marketing\/#breadcrumb\"},\"inLanguage\":\"en-US\",\"potentialAction\":[{\"@type\":\"ReadAction\",\"target\":[\"https:\/\/hakkah.com.br\/index.php\/hakkah-digital-agency-growth-e-marketing\/\"]}]},{\"@type\":\"ImageObject\",\"inLanguage\":\"en-US\",\"@id\":\"https:\/\/hakkah.com.br\/index.php\/hakkah-digital-agency-growth-e-marketing\/#primaryimage\",\"url\":\"https:\/\/hakkah.com.br\/wp-content\/themes\/twentytwentyfive\/assets\/images\/botany-flowers-closeup.webp\",\"contentUrl\":\"https:\/\/hakkah.com.br\/wp-content\/themes\/twentytwentyfive\/assets\/images\/botany-flowers-closeup.webp\"},{\"@type\":\"BreadcrumbList\",\"@id\":\"https:\/\/hakkah.com.br\/index.php\/hakkah-digital-agency-growth-e-marketing\/#breadcrumb\",\"itemListElement\":[{\"@type\":\"ListItem\",\"position\":1,\"name\":\"Home\",\"item\":\"https:\/\/hakkah.com.br\/\"},{\"@type\":\"ListItem\",\"position\":2,\"name\":\"HakkaH &#8211; Digital Agency Growth e Marketing\"}]},{\"@type\":\"WebSite\",\"@id\":\"https:\/\/hakkah.com.br\/#website\",\"url\":\"https:\/\/hakkah.com.br\/\",\"name\":\"HakkaH\",\"description\":\"Digital Agency | Growth - Marketing\",\"potentialAction\":[{\"@type\":\"SearchAction\",\"target\":{\"@type\":\"EntryPoint\",\"urlTemplate\":\"https:\/\/hakkah.com.br\/?s={search_term_string}\"},\"query-input\":{\"@type\":\"PropertyValueSpecification\",\"valueRequired\":true,\"valueName\":\"search_term_string\"}}],\"inLanguage\":\"en-US\"}]}<\/script>\n<!-- \/ Yoast SEO plugin. -->","yoast_head_json":{"title":"HakkaH - Digital Agency Growth e Marketing - HakkaH","robots":{"index":"index","follow":"follow","max-snippet":"max-snippet:-1","max-image-preview":"max-image-preview:large","max-video-preview":"max-video-preview:-1"},"canonical":"https:\/\/hakkah.com.br\/index.php\/hakkah-digital-agency-growth-e-marketing\/","og_locale":"en_US","og_type":"article","og_title":"HakkaH - Digital Agency Growth e Marketing - HakkaH","og_description":"\u201cHist\u00f3rias, historias, i\u0441\u0442\u043e\u0440\u0456\u0457, i\u03c3\u03c4\u03bf\u03c1\u03af\u03b5\u03c2\u201d Seg, 1\u00ba. de jan Oficina gratuita Este evento imersivo celebra a experi\u00eancia humana universal atrav\u00e9s das lentes da hist\u00f3ria e da ancestralidade, apresentando uma diversa sele\u00e7\u00e3o de fot\u00f3grafos cujos trabalhos capturam a ess\u00eancia de diferentes culturas e momentos hist\u00f3ricos. RSVP","og_url":"https:\/\/hakkah.com.br\/index.php\/hakkah-digital-agency-growth-e-marketing\/","og_site_name":"HakkaH","article_modified_time":"2025-02-09T19:02:29+00:00","og_image":[{"url":"https:\/\/hakkah.com.br\/wp-content\/themes\/twentytwentyfive\/assets\/images\/botany-flowers-closeup.webp","type":"","width":"","height":""}],"twitter_card":"summary_large_image","twitter_misc":{"Est. reading time":"1 minute"},"schema":{"@context":"https:\/\/schema.org","@graph":[{"@type":"WebPage","@id":"https:\/\/hakkah.com.br\/index.php\/hakkah-digital-agency-growth-e-marketing\/","url":"https:\/\/hakkah.com.br\/index.php\/hakkah-digital-agency-growth-e-marketing\/","name":"HakkaH - Digital Agency Growth e Marketing - HakkaH","isPartOf":{"@id":"https:\/\/hakkah.com.br\/#website"},"primaryImageOfPage":{"@id":"https:\/\/hakkah.com.br\/index.php\/hakkah-digital-agency-growth-e-marketing\/#primaryimage"},"image":{"@id":"https:\/\/hakkah.com.br\/index.php\/hakkah-digital-agency-growth-e-marketing\/#primaryimage"},"thumbnailUrl":"https:\/\/hakkah.com.br\/wp-content\/themes\/twentytwentyfive\/assets\/images\/botany-flowers-closeup.webp","datePublished":"2025-02-09T18:24:27+00:00","dateModified":"2025-02-09T19:02:29+00:00","breadcrumb":{"@id":"https:\/\/hakkah.com.br\/index.php\/hakkah-digital-agency-growth-e-marketing\/#breadcrumb"},"inLanguage":"en-US","potentialAction":[{"@type":"ReadAction","target":["https:\/\/hakkah.com.br\/index.php\/hakkah-digital-agency-growth-e-marketing\/"]}]},{"@type":"ImageObject","inLanguage":"en-US","@id":"https:\/\/hakkah.com.br\/index.php\/hakkah-digital-agency-growth-e-marketing\/#primaryimage","url":"https:\/\/hakkah.com.br\/wp-content\/themes\/twentytwentyfive\/assets\/images\/botany-flowers-closeup.webp","contentUrl":"https:\/\/hakkah.com.br\/wp-content\/themes\/twentytwentyfive\/assets\/images\/botany-flowers-closeup.webp"},{"@type":"BreadcrumbList","@id":"https:\/\/hakkah.com.br\/index.php\/hakkah-digital-agency-growth-e-marketing\/#breadcrumb","itemListElement":[{"@type":"ListItem","position":1,"name":"Home","item":"https:\/\/hakkah.com.br\/"},{"@type":"ListItem","position":2,"name":"HakkaH &#8211; Digital Agency Growth e Marketing"}]},{"@type":"WebSite","@id":"https:\/\/hakkah.com.br\/#website","url":"https:\/\/hakkah.com.br\/","name":"HakkaH","description":"Digital Agency | Growth - Marketing","potentialAction":[{"@type":"SearchAction","target":{"@type":"EntryPoint","urlTemplate":"https:\/\/hakkah.com.br\/?s={search_term_string}"},"query-input":{"@type":"PropertyValueSpecification","valueRequired":true,"valueName":"search_term_string"}}],"inLanguage":"en-US"}]}},"_links":{"self":[{"href":"https:\/\/hakkah.com.br\/index.php\/wp-json\/wp\/v2\/pages\/48","targetHints":{"allow":["GET"]}}],"collection":[{"href":"https:\/\/hakkah.com.br\/index.php\/wp-json\/wp\/v2\/pages"}],"about":[{"href":"https:\/\/hakkah.com.br\/index.php\/wp-json\/wp\/v2\/types\/page"}],"author":[{"embeddable":true,"href":"https:\/\/hakkah.com.br\/index.php\/wp-json\/wp\/v2\/users\/1"}],"replies":[{"embeddable":true,"href":"https:\/\/hakkah.com.br\/index.php\/wp-json\/wp\/v2\/comments?post=48"}],"version-history":[{"count":7,"href":"https:\/\/hakkah.com.br\/index.php\/wp-json\/wp\/v2\/pages\/48\/revisions"}],"predecessor-version":[{"id":174,"href":"https:\/\/hakkah.com.br\/index.php\/wp-json\/wp\/v2\/pages\/48\/revisions\/174"}],"wp:attachment":[{"href":"https:\/\/hakkah.com.br\/index.php\/wp-json\/wp\/v2\/media?parent=48"}],"curies":[{"name":"wp","href":"https:\/\/api.w.org\/{rel}","templated":true}]}}